CRAN Package Check Results for Package rorcid

Last updated on 2023-03-29 04:51:22 CEST.

Flavor Version Tinstall Tcheck Ttotal Status Flags
r-devel-linux-x86_64-debian-clang 0.7.0 4.42 39.54 43.96 OK
r-devel-linux-x86_64-debian-gcc 0.7.0 3.83 31.38 35.21 OK
r-devel-linux-x86_64-fedora-clang 0.7.0 56.30 OK
r-devel-linux-x86_64-fedora-gcc 0.7.0 53.31 OK
r-patched-linux-x86_64 0.7.0 5.07 38.82 43.89 OK
r-release-linux-x86_64 0.7.0 4.84 39.68 44.52 OK
r-release-macos-arm64 0.7.0 18.00 OK
r-release-macos-x86_64 0.7.0 30.00 OK
r-release-windows-x86_64 0.7.0 34.00 77.00 111.00 OK
r-oldrel-macos-arm64 0.7.0 27.00 OK
r-oldrel-macos-x86_64 0.7.0 36.00 OK
r-oldrel-windows-ix86+x86_64 0.7.0 9.00 70.00 79.00 NOTE

Check Details

Version: 0.7.0
Check: R code for possible problems
Result: NOTE
    Initiating curl with CURL_SSL_BACKEND: openssl
Flavor: r-oldrel-windows-ix86+x86_64