Last updated on 2023-03-21 04:58:02 CET.
Flavor | Version | Tinstall | Tcheck | Ttotal | Status | Flags |
---|---|---|---|---|---|---|
r-devel-linux-x86_64-debian-clang | 1.1.6 | NOTE | ||||
r-devel-linux-x86_64-debian-gcc | 1.1.6 | 53.62 | 25.01 | 78.63 | NOTE | |
r-devel-linux-x86_64-fedora-clang | 1.1.6 | 130.05 | NOTE | |||
r-devel-linux-x86_64-fedora-gcc | 1.1.6 | 130.07 | NOTE | |||
r-patched-linux-x86_64 | 1.1.6 | 49.98 | 31.84 | 81.82 | NOTE | |
r-release-linux-x86_64 | 1.1.6 | 57.77 | 31.68 | 89.45 | NOTE | |
r-release-macos-arm64 | 1.1.6 | 37.00 | NOTE | |||
r-release-macos-x86_64 | 1.1.6 | 47.00 | NOTE | |||
r-release-windows-x86_64 | 1.1.6 | 48.00 | 87.00 | 135.00 | NOTE | |
r-oldrel-macos-arm64 | 1.1.6 | 41.00 | NOTE | |||
r-oldrel-macos-x86_64 | 1.1.6 | 75.00 | NOTE | |||
r-oldrel-windows-ix86+x86_64 | 1.1.6 | 137.00 | 89.00 | 226.00 | NOTE |
Version: 1.1.6
Check: C++ specification
Result: NOTE
Specified C++11: please drop specification unless essential
Flavors: r-devel-linux-x86_64-debian-clang, r-devel-linux-x86_64-debian-gcc, r-devel-linux-x86_64-fedora-clang, r-devel-linux-x86_64-fedora-gcc
Version: 1.1.6
Check: for GNU extensions in Makefiles
Result: NOTE
GNU make is a SystemRequirements.
Flavors: r-devel-linux-x86_64-debian-clang, r-devel-linux-x86_64-debian-gcc, r-devel-linux-x86_64-fedora-clang, r-devel-linux-x86_64-fedora-gcc, r-patched-linux-x86_64, r-release-linux-x86_64, r-release-macos-arm64, r-release-macos-x86_64, r-release-windows-x86_64, r-oldrel-macos-arm64, r-oldrel-macos-x86_64, r-oldrel-windows-ix86+x86_64
Version: 1.1.6
Check: installed package size
Result: NOTE
installed size is 5.5Mb
sub-directories of 1Mb or more:
libs 5.3Mb
Flavors: r-release-macos-arm64, r-release-macos-x86_64, r-oldrel-macos-arm64, r-oldrel-macos-x86_64