Last updated on 2023-03-28 04:53:09 CEST.
Flavor | Version | Tinstall | Tcheck | Ttotal | Status | Flags |
---|---|---|---|---|---|---|
r-devel-linux-x86_64-debian-clang | 0.7.4 | 143.51 | 139.24 | 282.75 | OK | |
r-devel-linux-x86_64-debian-gcc | 0.7.4 | 103.41 | 101.96 | 205.37 | OK | |
r-devel-linux-x86_64-fedora-clang | 0.7.4 | 371.53 | OK | |||
r-devel-linux-x86_64-fedora-gcc | 0.7.4 | 342.43 | OK | |||
r-patched-linux-x86_64 | 0.7.4 | 114.07 | 130.70 | 244.77 | OK | |
r-release-linux-x86_64 | 0.7.4 | 108.48 | 131.90 | 240.38 | OK | |
r-release-macos-arm64 | 0.7.4 | 75.00 | NOTE | |||
r-release-macos-x86_64 | 0.7.4 | 115.00 | NOTE | |||
r-release-windows-x86_64 | 0.7.4 | 311.00 | 202.00 | 513.00 | OK | |
r-oldrel-macos-arm64 | 0.7.4 | 74.00 | NOTE | |||
r-oldrel-macos-x86_64 | 0.7.4 | 111.00 | NOTE | |||
r-oldrel-windows-ix86+x86_64 | 0.7.4 | 300.00 | 247.00 | 547.00 | OK |
Version: 0.7.4
Check: installed package size
Result: NOTE
installed size is 7.2Mb
sub-directories of 1Mb or more:
data 1.3Mb
libs 5.2Mb
Flavors: r-release-macos-arm64, r-release-macos-x86_64, r-oldrel-macos-arm64, r-oldrel-macos-x86_64