Last updated on 2023-03-23 04:53:32 CET.
Flavor | Version | Tinstall | Tcheck | Ttotal | Status | Flags |
---|---|---|---|---|---|---|
r-devel-linux-x86_64-debian-clang | 0.1.0 | 8.85 | 32.10 | 40.95 | OK | |
r-devel-linux-x86_64-debian-gcc | 0.1.0 | 7.80 | 25.57 | 33.37 | OK | |
r-devel-linux-x86_64-fedora-clang | 0.1.0 | 54.42 | NOTE | |||
r-devel-linux-x86_64-fedora-gcc | 0.1.0 | 49.14 | NOTE | |||
r-patched-linux-x86_64 | 0.1.0 | 8.66 | 32.88 | 41.54 | OK | |
r-release-linux-x86_64 | 0.1.0 | 9.13 | 33.38 | 42.51 | OK | |
r-release-macos-arm64 | 0.1.0 | 24.00 | NOTE | |||
r-release-macos-x86_64 | 0.1.0 | 30.00 | NOTE | |||
r-release-windows-x86_64 | 0.1.0 | 27.00 | 87.00 | 114.00 | OK | |
r-oldrel-macos-arm64 | 0.1.0 | 27.00 | NOTE | |||
r-oldrel-macos-x86_64 | 0.1.0 | 39.00 | NOTE | |||
r-oldrel-windows-ix86+x86_64 | 0.1.0 | 14.00 | 64.00 | 78.00 | OK |
Version: 0.1.0
Check: data for non-ASCII characters
Result: NOTE
Note: found 133 marked Latin-1 strings
Flavors: r-devel-linux-x86_64-fedora-clang, r-devel-linux-x86_64-fedora-gcc, r-release-macos-arm64, r-release-macos-x86_64, r-oldrel-macos-arm64, r-oldrel-macos-x86_64