Last updated on 2023-03-31 04:51:59 CEST.
Flavor | Version | Tinstall | Tcheck | Ttotal | Status | Flags |
---|---|---|---|---|---|---|
r-devel-linux-x86_64-debian-clang | 0.1.0 | 372.92 | 187.31 | 560.23 | NOTE | |
r-devel-linux-x86_64-debian-gcc | 0.1.0 | 340.35 | 159.20 | 499.55 | NOTE | |
r-devel-linux-x86_64-fedora-clang | 0.1.0 | 743.57 | NOTE | |||
r-devel-linux-x86_64-fedora-gcc | 0.1.0 | 857.81 | NOTE | |||
r-patched-linux-x86_64 | 0.1.0 | 346.45 | 200.82 | 547.27 | NOTE | |
r-release-linux-x86_64 | 0.1.0 | 319.85 | 191.35 | 511.20 | NOTE | |
r-release-macos-arm64 | 0.1.0 | 219.00 | NOTE | |||
r-release-macos-x86_64 | 0.1.0 | 324.00 | NOTE | |||
r-release-windows-x86_64 | 0.1.0 | 265.00 | 260.00 | 525.00 | NOTE | |
r-oldrel-macos-arm64 | 0.1.0 | 171.00 | NOTE | |||
r-oldrel-macos-x86_64 | 0.1.0 | 245.00 | NOTE | |||
r-oldrel-windows-ix86+x86_64 | 0.1.0 | 823.00 | 303.00 | 1126.00 | NOTE |
Version: 0.1.0
Check: for GNU extensions in Makefiles
Result: NOTE
GNU make is a SystemRequirements.
Flavors: r-devel-linux-x86_64-debian-clang, r-devel-linux-x86_64-debian-gcc, r-devel-linux-x86_64-fedora-clang, r-devel-linux-x86_64-fedora-gcc, r-patched-linux-x86_64, r-release-linux-x86_64, r-release-macos-arm64, r-release-macos-x86_64, r-release-windows-x86_64, r-oldrel-macos-arm64, r-oldrel-macos-x86_64, r-oldrel-windows-ix86+x86_64
Version: 0.1.0
Check: dependencies in R code
Result: NOTE
Namespaces in Imports field not imported from:
‘RcppParallel’ ‘rstantools’
All declared Imports should be used.
Flavors: r-devel-linux-x86_64-fedora-clang, r-devel-linux-x86_64-fedora-gcc, r-release-macos-arm64, r-release-macos-x86_64, r-oldrel-macos-arm64, r-oldrel-macos-x86_64
Version: 0.1.0
Check: Rd cross-references
Result: NOTE
Undeclared package ‘coda’ in Rd xrefs
Flavor: r-devel-linux-x86_64-fedora-clang
Version: 0.1.0
Check: installed package size
Result: NOTE
installed size is 53.3Mb
sub-directories of 1Mb or more:
libs 52.8Mb
Flavors: r-release-macos-arm64, r-release-macos-x86_64, r-oldrel-macos-arm64, r-oldrel-macos-x86_64, r-oldrel-windows-ix86+x86_64