Last updated on 2023-03-30 04:55:21 CEST.
Flavor | Version | Tinstall | Tcheck | Ttotal | Status | Flags |
---|---|---|---|---|---|---|
r-devel-linux-x86_64-debian-clang | 1.2 | 7.15 | 44.59 | 51.74 | OK | |
r-devel-linux-x86_64-debian-gcc | 1.2 | 6.35 | 34.57 | 40.92 | OK | |
r-devel-linux-x86_64-fedora-clang | 1.2 | 69.65 | NOTE | |||
r-devel-linux-x86_64-fedora-gcc | 1.2 | 68.98 | OK | |||
r-patched-linux-x86_64 | 1.2 | 6.55 | 44.36 | 50.91 | OK | |
r-release-linux-x86_64 | 1.2 | 6.19 | 43.99 | 50.18 | OK | |
r-release-macos-arm64 | 1.2 | 27.00 | NOTE | |||
r-release-macos-x86_64 | 1.2 | 51.00 | NOTE | |||
r-release-windows-x86_64 | 1.2 | 844.00 | 69.00 | 913.00 | NOTE | |
r-oldrel-macos-arm64 | 1.2 | 30.00 | NOTE | |||
r-oldrel-macos-x86_64 | 1.2 | 53.00 | NOTE | |||
r-oldrel-windows-ix86+x86_64 | 1.2 | 12.00 | 67.00 | 79.00 | NOTE |
Version: 1.2
Check: installed package size
Result: NOTE
installed size is 12.2Mb
sub-directories of 1Mb or more:
java 12.0Mb
Flavors: r-devel-linux-x86_64-fedora-clang, r-release-macos-arm64, r-release-macos-x86_64, r-release-windows-x86_64, r-oldrel-macos-arm64, r-oldrel-macos-x86_64, r-oldrel-windows-ix86+x86_64