CRAN Package Check Results for Package riverdist

Last updated on 2022-12-04 04:50:28 CET.

Flavor Version Tinstall Tcheck Ttotal Status Flags
r-devel-linux-x86_64-debian-clang 0.15.5 14.08 156.68 170.76 OK
r-devel-linux-x86_64-debian-gcc 0.15.5 11.04 116.53 127.57 OK
r-devel-linux-x86_64-fedora-clang 0.15.5 222.83 NOTE
r-devel-linux-x86_64-fedora-gcc 0.15.5 210.12 OK
r-devel-windows-x86_64 0.15.5 57.00 194.00 251.00 NOTE
r-patched-linux-x86_64 0.15.5 12.63 145.01 157.64 OK
r-release-linux-x86_64 0.15.5 11.95 147.58 159.53 OK
r-release-macos-arm64 0.15.5 55.00 NOTE
r-release-macos-x86_64 0.15.5 79.00 NOTE
r-release-windows-x86_64 0.15.5 104.00 195.00 299.00 NOTE
r-oldrel-macos-arm64 0.15.5 52.00 NOTE
r-oldrel-macos-x86_64 0.15.5 80.00 NOTE
r-oldrel-windows-ix86+x86_64 0.15.5 25.00 178.00 203.00 NOTE

Check Details

Version: 0.15.5
Check: installed package size
Result: NOTE
     installed size is 6.0Mb
     sub-directories of 1Mb or more:
     data 3.6Mb
     doc 1.5Mb
Flavors: r-devel-linux-x86_64-fedora-clang, r-devel-windows-x86_64, r-release-macos-arm64, r-release-macos-x86_64, r-release-windows-x86_64, r-oldrel-macos-arm64, r-oldrel-macos-x86_64, r-oldrel-windows-ix86+x86_64