Last updated on 2023-03-24 04:52:38 CET.
Flavor | Version | Tinstall | Tcheck | Ttotal | Status | Flags |
---|---|---|---|---|---|---|
r-devel-linux-x86_64-debian-clang | 0.3.8 | 5.02 | 73.14 | 78.16 | OK | |
r-devel-linux-x86_64-debian-gcc | 0.3.8 | 4.10 | 58.35 | 62.45 | OK | |
r-devel-linux-x86_64-fedora-clang | 0.3.8 | 98.89 | NOTE | |||
r-devel-linux-x86_64-fedora-gcc | 0.3.8 | 105.48 | OK | |||
r-patched-linux-x86_64 | 0.3.8 | 5.23 | 75.08 | 80.31 | OK | |
r-release-linux-x86_64 | 0.3.8 | 5.39 | 74.38 | 79.77 | OK | |
r-release-macos-arm64 | 0.3.8 | 36.00 | NOTE | |||
r-release-macos-x86_64 | 0.3.8 | 46.00 | NOTE | |||
r-release-windows-x86_64 | 0.3.8 | 61.00 | 119.00 | 180.00 | NOTE | |
r-oldrel-macos-arm64 | 0.3.8 | 701.00 | NOTE | |||
r-oldrel-macos-x86_64 | 0.3.8 | 52.00 | NOTE | |||
r-oldrel-windows-ix86+x86_64 | 0.3.8 | 16.00 | 104.00 | 120.00 | NOTE |
Version: 0.3.8
Check: installed package size
Result: NOTE
installed size is 11.7Mb
sub-directories of 1Mb or more:
doc 10.3Mb
htmlwidgets 1.3Mb
Flavors: r-devel-linux-x86_64-fedora-clang, r-release-macos-arm64, r-release-macos-x86_64, r-release-windows-x86_64, r-oldrel-macos-arm64, r-oldrel-macos-x86_64, r-oldrel-windows-ix86+x86_64