CRAN Package Check Results for Package rgeoda

Last updated on 2022-12-04 04:50:28 CET.

Flavor Version Tinstall Tcheck Ttotal Status Flags
r-devel-linux-x86_64-debian-clang 0.0.9 304.58 55.73 360.31 OK
r-devel-linux-x86_64-debian-gcc 0.0.9 246.73 47.01 293.74 OK
r-devel-linux-x86_64-fedora-clang 0.0.9 590.33 OK
r-devel-linux-x86_64-fedora-gcc 0.0.9 500.40 OK
r-devel-windows-x86_64 0.0.9 462.00 142.00 604.00 WARN
r-patched-linux-x86_64 0.0.9 260.60 56.02 316.62 OK
r-release-linux-x86_64 0.0.9 248.04 56.50 304.54 OK
r-release-macos-arm64 0.0.9 99.00 NOTE
r-release-macos-x86_64 0.0.9 156.00 NOTE
r-release-windows-x86_64 0.0.9 463.00 128.00 591.00 OK
r-oldrel-macos-arm64 0.0.9 98.00 NOTE
r-oldrel-macos-x86_64 0.0.9 155.00 NOTE
r-oldrel-windows-ix86+x86_64 0.0.9 705.00 129.00 834.00 NOTE

Additional issues

M1mac

Check Details

Version: 0.0.9
Check: whether package can be installed
Result: WARN
    Found the following significant warnings:
     libgeoda/./shape/ttmath/ttmathbig.h:2755:10: warning: conversion from 'long long unsigned int' to 'ttmath::uint' {aka 'long unsigned int'} changes value from '9223372036854775808' to '0' [-Woverflow]
     libgeoda/./shape/ttmath/ttmathtypes.h:264:34: warning: conversion from 'long long unsigned int' to 'ttmath::uint' {aka 'long unsigned int'} changes value from '9223372036854775808' to '0' [-Woverflow]
Flavor: r-devel-windows-x86_64

Version: 0.0.9
Check: installed package size
Result: NOTE
     installed size is 29.4Mb
     sub-directories of 1Mb or more:
     libs 28.1Mb
Flavors: r-release-macos-arm64, r-release-macos-x86_64, r-oldrel-macos-arm64, r-oldrel-macos-x86_64, r-oldrel-windows-ix86+x86_64