Last updated on 2023-03-23 04:53:31 CET.
Flavor | Version | Tinstall | Tcheck | Ttotal | Status | Flags |
---|---|---|---|---|---|---|
r-devel-linux-x86_64-debian-clang | 0.8.9 | 4.01 | 39.91 | 43.92 | NOTE | |
r-devel-linux-x86_64-debian-gcc | 0.8.9 | 3.15 | 31.44 | 34.59 | NOTE | |
r-devel-linux-x86_64-fedora-clang | 0.8.9 | 58.39 | NOTE | |||
r-devel-linux-x86_64-fedora-gcc | 0.8.9 | 53.87 | NOTE | |||
r-patched-linux-x86_64 | 0.8.9 | 4.65 | 38.74 | 43.39 | OK | |
r-release-linux-x86_64 | 0.8.9 | 3.58 | 38.15 | 41.73 | OK | |
r-release-macos-arm64 | 0.8.9 | 21.00 | OK | |||
r-release-macos-x86_64 | 0.8.9 | 30.00 | OK | |||
r-release-windows-x86_64 | 0.8.9 | 52.00 | 79.00 | 131.00 | OK | |
r-oldrel-macos-arm64 | 0.8.9 | 25.00 | OK | |||
r-oldrel-macos-x86_64 | 0.8.9 | 28.00 | OK | |||
r-oldrel-windows-ix86+x86_64 | 0.8.9 | 13.00 | 66.00 | 79.00 | OK |
Version: 0.8.9
Check: Rd files
Result: NOTE
checkRd: (-1) as-data-frame-cast-df-v7.rd:3: Escaped LaTeX specials: \_
checkRd: (-1) as-data-frame-cast-matrix-59.rd:3: Escaped LaTeX specials: \_
checkRd: (-1) as-matrix-cast-df-bu.rd:3: Escaped LaTeX specials: \_
checkRd: (-1) as-matrix-cast-matrix-2y.rd:3: Escaped LaTeX specials: \_
checkRd: (-1) cast-9g.rd:19: Escaped LaTeX specials: \_ \_
checkRd: (-1) cast-9g.rd:41: Escaped LaTeX specials: \_
checkRd: (-1) cast-9g.rd:46: Escaped LaTeX specials: \_ \_
checkRd: (-1) clean-vars-rc.rd:13: Escaped LaTeX specials: \_
checkRd: (-1) expand-kx.rd:15: Escaped LaTeX specials: \_
checkRd: (-1) reshape-4u.rd:17: Escaped LaTeX specials: \_ \_
Flavors: r-devel-linux-x86_64-debian-clang, r-devel-linux-x86_64-debian-gcc, r-devel-linux-x86_64-fedora-clang, r-devel-linux-x86_64-fedora-gcc