Last updated on 2023-03-27 04:53:22 CEST.
Flavor | Version | Tinstall | Tcheck | Ttotal | Status | Flags |
---|---|---|---|---|---|---|
r-devel-linux-x86_64-debian-clang | 1.0.2 | 8.55 | 65.90 | 74.45 | OK | |
r-devel-linux-x86_64-debian-gcc | 1.0.2 | 6.18 | 49.63 | 55.81 | OK | |
r-devel-linux-x86_64-fedora-clang | 1.0.2 | 99.37 | OK | |||
r-devel-linux-x86_64-fedora-gcc | 1.0.2 | 98.25 | OK | |||
r-patched-linux-x86_64 | 1.0.2 | 7.67 | 62.72 | 70.39 | OK | |
r-release-linux-x86_64 | 1.0.2 | 6.38 | 63.48 | 69.86 | OK | |
r-release-macos-arm64 | 1.0.2 | 38.00 | OK | |||
r-release-macos-x86_64 | 1.0.2 | 47.00 | OK | |||
r-release-windows-x86_64 | 1.0.2 | 39.00 | 101.00 | 140.00 | OK | |
r-oldrel-macos-arm64 | 1.0.2 | 38.00 | OK | |||
r-oldrel-macos-x86_64 | 1.0.2 | 49.00 | OK | |||
r-oldrel-windows-ix86+x86_64 | 1.0.2 | 17.00 | 91.00 | 108.00 | NOTE |
Version: 1.0.2
Check: R code for possible problems
Result: NOTE
Initiating curl with CURL_SSL_BACKEND: openssl
Flavor: r-oldrel-windows-ix86+x86_64