CRAN Package Check Results for Package repurrrsive

Last updated on 2023-03-23 04:53:31 CET.

Flavor Version Tinstall Tcheck Ttotal Status Flags
r-devel-linux-x86_64-debian-clang 1.1.0 4.58 44.64 49.22 OK
r-devel-linux-x86_64-debian-gcc 1.1.0 4.08 34.14 38.22 OK
r-devel-linux-x86_64-fedora-clang 1.1.0 64.76 NOTE
r-devel-linux-x86_64-fedora-gcc 1.1.0 57.44 NOTE
r-patched-linux-x86_64 1.1.0 5.66 43.44 49.10 OK
r-release-linux-x86_64 1.1.0 4.67 43.05 47.72 OK
r-release-macos-arm64 1.1.0 28.00 OK
r-release-macos-x86_64 1.1.0 33.00 NOTE
r-release-windows-x86_64 1.1.0 26.00 121.00 147.00 OK
r-oldrel-macos-arm64 1.1.0 26.00 OK
r-oldrel-macos-x86_64 1.1.0 37.00 NOTE
r-oldrel-windows-ix86+x86_64 1.1.0 10.00 80.00 90.00 OK

Check Details

Version: 1.1.0
Check: Rd cross-references
Result: NOTE
    Undeclared package ‘wesanderson’ in Rd xrefs
Flavor: r-devel-linux-x86_64-fedora-clang

Version: 1.1.0
Check: data for non-ASCII characters
Result: NOTE
     Note: found 25 marked UTF-8 strings
Flavors: r-devel-linux-x86_64-fedora-clang, r-devel-linux-x86_64-fedora-gcc, r-release-macos-x86_64, r-oldrel-macos-x86_64