Last updated on 2023-03-21 04:58:01 CET.
Flavor | Version | Tinstall | Tcheck | Ttotal | Status | Flags |
---|---|---|---|---|---|---|
r-devel-linux-x86_64-debian-clang | 1.3.8 | WARN | ||||
r-devel-linux-x86_64-debian-gcc | 1.3.9 | 18.49 | 234.18 | 252.67 | OK | |
r-devel-linux-x86_64-fedora-clang | 1.3.9 | 446.56 | OK | |||
r-devel-linux-x86_64-fedora-gcc | 1.3.9 | 419.38 | OK | |||
r-patched-linux-x86_64 | 1.3.9 | 22.81 | 304.71 | 327.52 | OK | |
r-release-linux-x86_64 | 1.3.9 | 21.19 | 305.64 | 326.83 | OK | |
r-release-macos-arm64 | 1.3.9 | 93.00 | OK | |||
r-release-macos-x86_64 | 1.3.9 | 145.00 | OK | |||
r-release-windows-x86_64 | 1.3.9 | 137.00 | 325.00 | 462.00 | OK | |
r-oldrel-macos-arm64 | 1.3.9 | 97.00 | OK | |||
r-oldrel-macos-x86_64 | 1.3.9 | 159.00 | OK | |||
r-oldrel-windows-ix86+x86_64 | 1.3.9 | 42.00 | 369.00 | 411.00 | OK |
Version: 1.3.8
Check: S3 generic/method consistency
Result: WARN
render:
function(x)
render.pdf_image_stream:
function(x, view)
See section ‘Generic functions and methods’ in the ‘Writing R
Extensions’ manual.
Flavor: r-devel-linux-x86_64-debian-clang