CRAN Package Check Results for Package rempsyc

Last updated on 2023-03-21 04:58:01 CET.

Flavor Version Tinstall Tcheck Ttotal Status Flags
r-devel-linux-x86_64-debian-clang 0.1.1 OK
r-devel-linux-x86_64-debian-gcc 0.1.1 6.96 198.40 205.36 OK
r-devel-linux-x86_64-fedora-clang 0.1.1 352.05 OK
r-devel-linux-x86_64-fedora-gcc 0.1.1 346.62 OK
r-patched-linux-x86_64 0.1.1 6.79 248.96 255.75 OK
r-release-linux-x86_64 0.1.1 9.16 250.69 259.85 OK
r-release-macos-arm64 0.1.1 96.00 OK
r-release-macos-x86_64 0.1.1 143.00 OK
r-release-windows-x86_64 0.1.1 45.00 306.00 351.00 OK
r-oldrel-macos-arm64 0.1.1 96.00 OK
r-oldrel-macos-x86_64 0.1.1 157.00 OK
r-oldrel-windows-ix86+x86_64 0.1.1 16.00 299.00 315.00 WARN

Check Details

Version: 0.1.1
Check: dependencies in R code
Result: NOTE
    Initiating curl with CURL_SSL_BACKEND: openssl
Flavor: r-oldrel-windows-ix86+x86_64

Version: 0.1.1
Check: re-building of vignette outputs
Result: WARN
    Error(s) in re-building vignettes:
    --- re-building 'assumptions.Rmd' using rmarkdown
    Initiating curl with CURL_SSL_BACKEND: openssl
    --- finished re-building 'assumptions.Rmd'
    
    --- re-building 'circles.Rmd' using rmarkdown
    --- finished re-building 'circles.Rmd'
    
    --- re-building 'contrasts.Rmd' using rmarkdown
    Initiating curl with CURL_SSL_BACKEND: openssl
    Quitting from lines 58-59 (contrasts.Rmd)
    Error: processing vignette 'contrasts.Rmd' failed with diagnostics:
    Timeout was reached: [gwfh.mranftl.com] Connection timeout after 10003 ms
    --- failed re-building 'contrasts.Rmd'
    
    --- re-building 'moderation.Rmd' using rmarkdown
    Initiating curl with CURL_SSL_BACKEND: openssl
    --- finished re-building 'moderation.Rmd'
    
    --- re-building 'randomize.Rmd' using rmarkdown
    --- finished re-building 'randomize.Rmd'
    
    --- re-building 'scatter.Rmd' using rmarkdown
    --- finished re-building 'scatter.Rmd'
    
    --- re-building 't-test.Rmd' using rmarkdown
    Initiating curl with CURL_SSL_BACKEND: openssl
    --- finished re-building 't-test.Rmd'
    
    --- re-building 'table.Rmd' using rmarkdown
    Initiating curl with CURL_SSL_BACKEND: openssl
    --- finished re-building 'table.Rmd'
    
    --- re-building 'violin.Rmd' using rmarkdown
    --- finished re-building 'violin.Rmd'
    
    SUMMARY: processing the following file failed:
     'contrasts.Rmd'
    
    Error: Vignette re-building failed.
    Execution halted
Flavor: r-oldrel-windows-ix86+x86_64