Last updated on 2023-03-29 04:51:21 CEST.
Flavor | Version | Tinstall | Tcheck | Ttotal | Status | Flags |
---|---|---|---|---|---|---|
r-devel-linux-x86_64-debian-clang | 2.2-6 | 14.14 | 120.77 | 134.91 | NOTE | |
r-devel-linux-x86_64-debian-gcc | 2.2-6 | 14.66 | 90.77 | 105.43 | NOTE | |
r-devel-linux-x86_64-fedora-clang | 2.2-6 | 170.62 | NOTE | |||
r-devel-linux-x86_64-fedora-gcc | 2.2-6 | 161.78 | NOTE | |||
r-patched-linux-x86_64 | 2.2-6 | 18.06 | 113.95 | 132.01 | NOTE | |
r-release-linux-x86_64 | 2.2-6 | 14.66 | 109.85 | 124.51 | OK | |
r-release-macos-arm64 | 2.2-6 | 43.00 | OK | |||
r-release-macos-x86_64 | 2.2-6 | 59.00 | OK | |||
r-release-windows-x86_64 | 2.2-6 | 32.00 | 136.00 | 168.00 | OK | |
r-oldrel-macos-arm64 | 2.2-6 | 51.00 | OK | |||
r-oldrel-macos-x86_64 | 2.2-6 | 57.00 | OK | |||
r-oldrel-windows-ix86+x86_64 | 2.2-6 | 34.00 | 129.00 | 163.00 | OK |
Version: 2.2-6
Check: Rd files
Result: NOTE
checkRd: (-1) calc.relimp.Rd:41: Escaped LaTeX specials: \~
checkRd: (-1) classesmethods.relaimpo.Rd:27: Escaped LaTeX specials: \$
checkRd: (-1) classesmethods.relaimpo.Rd:104: Escaped LaTeX specials: \$
checkRd: (-1) mianalyze.relimp.Rd:69: Escaped LaTeX specials: \~
checkRd: (-1) mianalyze.relimp.Rd:73: Escaped LaTeX specials: \~
checkRd: (-1) relimplm-class.Rd:63: Escaped LaTeX specials: \$
checkRd: (-1) relimplmbootMI-class.Rd:121: Escaped LaTeX specials: \$
checkRd: (-1) relimplmbooteval-class.Rd:146: Escaped LaTeX specials: \$
Flavors: r-devel-linux-x86_64-debian-clang, r-devel-linux-x86_64-debian-gcc, r-devel-linux-x86_64-fedora-clang, r-devel-linux-x86_64-fedora-gcc, r-patched-linux-x86_64