CRAN Package Check Results for Package recosystem

Last updated on 2023-03-31 04:51:58 CEST.

Flavor Version Tinstall Tcheck Ttotal Status Flags
r-devel-linux-x86_64-debian-clang 0.5 69.23 55.55 124.78 NOTE
r-devel-linux-x86_64-debian-gcc 0.5 50.69 43.31 94.00 NOTE
r-devel-linux-x86_64-fedora-clang 0.5 191.19 NOTE
r-devel-linux-x86_64-fedora-gcc 0.5 171.04 NOTE
r-patched-linux-x86_64 0.5 52.88 54.74 107.62 NOTE
r-release-linux-x86_64 0.5 55.01 54.66 109.67 OK
r-release-macos-arm64 0.5 42.00 OK
r-release-macos-x86_64 0.5 60.00 OK
r-release-windows-x86_64 0.5 80.00 115.00 195.00 OK
r-oldrel-macos-arm64 0.5 45.00 OK
r-oldrel-macos-x86_64 0.5 56.00 OK
r-oldrel-windows-ix86+x86_64 0.5 160.00 120.00 280.00 OK

Check Details

Version: 0.5
Check: C++ specification
Result: NOTE
     Specified C++11: please drop specification unless essential
Flavors: r-devel-linux-x86_64-debian-clang, r-devel-linux-x86_64-debian-gcc, r-devel-linux-x86_64-fedora-clang, r-devel-linux-x86_64-fedora-gcc, r-patched-linux-x86_64