Last updated on 2023-03-24 04:52:38 CET.
Flavor | Version | Tinstall | Tcheck | Ttotal | Status | Flags |
---|---|---|---|---|---|---|
r-devel-linux-x86_64-debian-clang | 0.2.2 | 2.20 | 23.35 | 25.55 | NOTE | |
r-devel-linux-x86_64-debian-gcc | 0.2.2 | 1.45 | 18.25 | 19.70 | NOTE | |
r-devel-linux-x86_64-fedora-clang | 0.2.2 | 32.35 | NOTE | |||
r-devel-linux-x86_64-fedora-gcc | 0.2.2 | 30.05 | NOTE | |||
r-patched-linux-x86_64 | 0.2.2 | 2.29 | 24.13 | 26.42 | NOTE | |
r-release-linux-x86_64 | 0.2.2 | 2.29 | 23.87 | 26.16 | NOTE | |
r-release-macos-arm64 | 0.2.2 | 14.00 | NOTE | |||
r-release-macos-x86_64 | 0.2.2 | 20.00 | NOTE | |||
r-release-windows-x86_64 | 0.2.2 | 12.00 | 50.00 | 62.00 | NOTE | |
r-oldrel-macos-arm64 | 0.2.2 | 20.00 | NOTE | |||
r-oldrel-macos-x86_64 | 0.2.2 | 24.00 | NOTE | |||
r-oldrel-windows-ix86+x86_64 | 0.2.2 | 5.00 | 48.00 | 53.00 | NOTE |
Version: 0.2.2
Check: LazyData
Result: NOTE
'LazyData' is specified without a 'data' directory
Flavors: r-devel-linux-x86_64-debian-clang, r-devel-linux-x86_64-debian-gcc, r-devel-linux-x86_64-fedora-clang, r-devel-linux-x86_64-fedora-gcc, r-patched-linux-x86_64, r-release-linux-x86_64, r-release-macos-arm64, r-release-macos-x86_64, r-release-windows-x86_64, r-oldrel-macos-arm64, r-oldrel-macos-x86_64, r-oldrel-windows-ix86+x86_64