Last updated on 2023-02-03 04:50:39 CET.
Flavor | Version | Tinstall | Tcheck | Ttotal | Status | Flags |
---|---|---|---|---|---|---|
r-devel-linux-x86_64-debian-clang | 0.1.0 | 31.26 | 265.89 | 297.15 | NOTE | |
r-devel-linux-x86_64-debian-gcc | 0.1.0 | 23.70 | 195.14 | 218.84 | NOTE | |
r-devel-linux-x86_64-fedora-clang | 0.1.0 | 361.76 | NOTE | |||
r-devel-linux-x86_64-fedora-gcc | 0.1.0 | 363.03 | NOTE | |||
r-patched-linux-x86_64 | 0.1.0 | 27.42 | 260.39 | 287.81 | NOTE | |
r-release-linux-x86_64 | 0.1.0 | 32.75 | 263.95 | 296.70 | NOTE | |
r-release-macos-arm64 | 0.1.0 | 68.00 | NOTE | |||
r-release-macos-x86_64 | 0.1.0 | 100.00 | NOTE | |||
r-release-windows-x86_64 | 0.1.0 | 44.00 | 265.00 | 309.00 | NOTE | |
r-oldrel-macos-arm64 | 0.1.0 | 36.00 | NOTE | |||
r-oldrel-macos-x86_64 | 0.1.0 | 69.00 | NOTE | |||
r-oldrel-windows-ix86+x86_64 | 0.1.0 | 62.00 | 271.00 | 333.00 | NOTE |
Version: 0.1.0
Check: LazyData
Result: NOTE
'LazyData' is specified without a 'data' directory
Flavors: r-devel-linux-x86_64-debian-clang, r-devel-linux-x86_64-debian-gcc, r-devel-linux-x86_64-fedora-clang, r-devel-linux-x86_64-fedora-gcc, r-patched-linux-x86_64, r-release-linux-x86_64, r-release-macos-arm64, r-release-macos-x86_64, r-release-windows-x86_64, r-oldrel-macos-arm64, r-oldrel-macos-x86_64, r-oldrel-windows-ix86+x86_64