Last updated on 2023-03-20 04:53:13 CET.
Flavor | Version | Tinstall | Tcheck | Ttotal | Status | Flags |
---|---|---|---|---|---|---|
r-devel-linux-x86_64-debian-clang | 0.2.1 | OK | ||||
r-devel-linux-x86_64-debian-gcc | 0.2.1 | 12.59 | 128.37 | 140.96 | OK | |
r-devel-linux-x86_64-fedora-clang | 0.2.1 | 236.76 | OK | |||
r-devel-linux-x86_64-fedora-gcc | 0.2.1 | 255.87 | OK | |||
r-patched-linux-x86_64 | 0.2.1 | 13.51 | 161.27 | 174.78 | OK | |
r-release-linux-x86_64 | 0.2.1 | 11.11 | 162.50 | 173.61 | OK | |
r-release-macos-arm64 | 0.2.1 | 90.00 | OK | |||
r-release-macos-x86_64 | 0.2.1 | 169.00 | OK | |||
r-release-windows-x86_64 | 0.2.1 | 38.00 | 224.00 | 262.00 | OK | |
r-oldrel-macos-arm64 | 0.2.1 | 87.00 | OK | |||
r-oldrel-macos-x86_64 | 0.2.1 | 108.00 | OK | |||
r-oldrel-windows-ix86+x86_64 | 0.2.1 | 42.00 | 228.00 | 270.00 | NOTE |
Version: 0.2.1
Check: R code for possible problems
Result: NOTE
Initiating curl with CURL_SSL_BACKEND: openssl
Flavor: r-oldrel-windows-ix86+x86_64