Last updated on 2023-03-26 04:50:44 CEST.
Flavor | Version | Tinstall | Tcheck | Ttotal | Status | Flags |
---|---|---|---|---|---|---|
r-devel-linux-x86_64-debian-clang | 0.2.6 | 8.12 | 78.87 | 86.99 | OK | |
r-devel-linux-x86_64-debian-gcc | 0.2.6 | 6.17 | 59.50 | 65.67 | OK | |
r-devel-linux-x86_64-fedora-clang | 0.2.6 | 110.03 | OK | |||
r-devel-linux-x86_64-fedora-gcc | 0.2.6 | 112.05 | OK | |||
r-patched-linux-x86_64 | 0.2.6 | 7.29 | 73.28 | 80.57 | OK | |
r-release-linux-x86_64 | 0.2.6 | 6.63 | 76.13 | 82.76 | OK | |
r-release-macos-arm64 | 0.2.6 | 37.00 | OK | |||
r-release-macos-x86_64 | 0.2.6 | 49.00 | OK | |||
r-release-windows-x86_64 | 0.2.6 | 29.00 | 115.00 | 144.00 | OK | |
r-oldrel-macos-arm64 | 0.2.6 | 40.00 | OK | |||
r-oldrel-macos-x86_64 | 0.2.6 | 53.00 | OK | |||
r-oldrel-windows-ix86+x86_64 | 0.2.6 | 22.00 | 114.00 | 136.00 | NOTE |
Version: 0.2.6
Check: R code for possible problems
Result: NOTE
Initiating curl with CURL_SSL_BACKEND: openssl
Flavor: r-oldrel-windows-ix86+x86_64