Last updated on 2023-03-25 04:54:49 CET.
Flavor | Version | Tinstall | Tcheck | Ttotal | Status | Flags |
---|---|---|---|---|---|---|
r-devel-linux-x86_64-debian-clang | 0.1.0 | 1.87 | 28.63 | 30.50 | NOTE | |
r-devel-linux-x86_64-debian-gcc | 0.1.0 | 1.63 | 22.81 | 24.44 | NOTE | |
r-devel-linux-x86_64-fedora-clang | 0.1.0 | 40.76 | NOTE | |||
r-devel-linux-x86_64-fedora-gcc | 0.1.0 | 47.94 | NOTE | |||
r-patched-linux-x86_64 | 0.1.0 | 2.35 | 29.21 | 31.56 | NOTE | |
r-release-linux-x86_64 | 0.1.0 | 2.04 | 30.16 | 32.20 | NOTE | |
r-release-macos-arm64 | 0.1.0 | 17.00 | NOTE | |||
r-release-macos-x86_64 | 0.1.0 | 30.00 | NOTE | |||
r-release-windows-x86_64 | 0.1.0 | 14.00 | 63.00 | 77.00 | NOTE | |
r-oldrel-macos-arm64 | 0.1.0 | 19.00 | NOTE | |||
r-oldrel-macos-x86_64 | 0.1.0 | 31.00 | NOTE | |||
r-oldrel-windows-ix86+x86_64 | 0.1.0 | 6.00 | 63.00 | 69.00 | NOTE |
Version: 0.1.0
Check: LazyData
Result: NOTE
'LazyData' is specified without a 'data' directory
Flavors: r-devel-linux-x86_64-debian-clang, r-devel-linux-x86_64-debian-gcc, r-devel-linux-x86_64-fedora-clang, r-devel-linux-x86_64-fedora-gcc, r-patched-linux-x86_64, r-release-linux-x86_64, r-release-macos-arm64, r-release-macos-x86_64, r-release-windows-x86_64, r-oldrel-macos-arm64, r-oldrel-macos-x86_64, r-oldrel-windows-ix86+x86_64