Last updated on 2023-03-28 04:53:07 CEST.
Flavor | Version | Tinstall | Tcheck | Ttotal | Status | Flags |
---|---|---|---|---|---|---|
r-devel-linux-x86_64-debian-clang | 1.2.3 | 149.46 | 327.12 | 476.58 | NOTE | |
r-devel-linux-x86_64-debian-gcc | 1.2.3 | 132.76 | 248.30 | 381.06 | NOTE | |
r-devel-linux-x86_64-fedora-clang | 1.2.3 | 591.77 | NOTE | |||
r-devel-linux-x86_64-fedora-gcc | 1.2.3 | 629.14 | NOTE | |||
r-patched-linux-x86_64 | 1.2.3 | 148.46 | 314.55 | 463.01 | NOTE | |
r-release-linux-x86_64 | 1.2.3 | 109.38 | 299.78 | 409.16 | NOTE | |
r-release-macos-arm64 | 1.2.3 | 206.00 | NOTE | |||
r-release-macos-x86_64 | 1.2.3 | 227.00 | NOTE | |||
r-release-windows-x86_64 | 1.2.3 | 182.00 | 424.00 | 606.00 | NOTE | |
r-oldrel-macos-arm64 | 1.2.3 | 161.00 | NOTE | |||
r-oldrel-macos-x86_64 | 1.2.3 | 231.00 | NOTE | |||
r-oldrel-windows-ix86+x86_64 | 1.2.3 | 347.00 | 647.00 | 994.00 | NOTE |
Version: 1.2.3
Check: for GNU extensions in Makefiles
Result: NOTE
GNU make is a SystemRequirements.
Flavors: r-devel-linux-x86_64-debian-clang, r-devel-linux-x86_64-debian-gcc, r-devel-linux-x86_64-fedora-clang, r-devel-linux-x86_64-fedora-gcc, r-patched-linux-x86_64, r-release-linux-x86_64, r-release-macos-arm64, r-release-macos-x86_64, r-release-windows-x86_64, r-oldrel-macos-arm64, r-oldrel-macos-x86_64, r-oldrel-windows-ix86+x86_64
Version: 1.2.3
Check: installed package size
Result: NOTE
installed size is 40.6Mb
sub-directories of 1Mb or more:
libs 39.4Mb
Flavors: r-release-macos-arm64, r-release-macos-x86_64, r-oldrel-macos-arm64, r-oldrel-macos-x86_64, r-oldrel-windows-ix86+x86_64