Last updated on 2023-03-25 04:54:49 CET.
Flavor | Version | Tinstall | Tcheck | Ttotal | Status | Flags |
---|---|---|---|---|---|---|
r-devel-linux-x86_64-debian-clang | 1.0.3 | 56.49 | 51.90 | 108.39 | OK | |
r-devel-linux-x86_64-debian-gcc | 1.0.3 | 46.25 | 39.95 | 86.20 | OK | |
r-devel-linux-x86_64-fedora-clang | 1.0.3 | 167.03 | OK | |||
r-devel-linux-x86_64-fedora-gcc | 1.0.3 | 147.37 | OK | |||
r-patched-linux-x86_64 | 1.0.3 | 50.17 | 51.93 | 102.10 | OK | |
r-release-linux-x86_64 | 1.0.3 | 48.54 | 50.34 | 98.88 | OK | |
r-release-macos-arm64 | 1.0.3 | 40.00 | NOTE | |||
r-release-macos-x86_64 | 1.0.3 | 56.00 | OK | |||
r-release-windows-x86_64 | 1.0.3 | 109.00 | 1120.00 | 1229.00 | OK | |
r-oldrel-macos-arm64 | 1.0.3 | 40.00 | OK | |||
r-oldrel-macos-x86_64 | 1.0.3 | 55.00 | OK | |||
r-oldrel-windows-ix86+x86_64 | 1.0.3 | 141.00 | 174.00 | 315.00 | OK |
Version: 1.0.3
Check: package dependencies
Result: NOTE
Package suggested but not available for checking: ‘rhdf5’
Flavor: r-release-macos-arm64