CRAN Package Check Results for Package rasterpdf

Last updated on 2023-03-27 04:53:21 CEST.

Flavor Version Tinstall Tcheck Ttotal Status Flags
r-devel-linux-x86_64-debian-clang 0.1.1 2.02 23.53 25.55 NOTE
r-devel-linux-x86_64-debian-gcc 0.1.1 1.43 18.47 19.90 NOTE
r-devel-linux-x86_64-fedora-clang 0.1.1 34.05 NOTE
r-devel-linux-x86_64-fedora-gcc 0.1.1 30.47 NOTE
r-patched-linux-x86_64 0.1.1 1.84 22.60 24.44 NOTE
r-release-linux-x86_64 0.1.1 1.39 24.21 25.60 NOTE
r-release-macos-arm64 0.1.1 17.00 NOTE
r-release-macos-x86_64 0.1.1 22.00 NOTE
r-release-windows-x86_64 0.1.1 14.00 53.00 67.00 NOTE
r-oldrel-macos-arm64 0.1.1 20.00 NOTE
r-oldrel-macos-x86_64 0.1.1 27.00 NOTE
r-oldrel-windows-ix86+x86_64 0.1.1 6.00 48.00 54.00 NOTE

Check Details

Version: 0.1.1
Check: LazyData
Result: NOTE
     'LazyData' is specified without a 'data' directory
Flavors: r-devel-linux-x86_64-debian-clang, r-devel-linux-x86_64-debian-gcc, r-devel-linux-x86_64-fedora-clang, r-devel-linux-x86_64-fedora-gcc, r-patched-linux-x86_64, r-release-linux-x86_64, r-release-macos-arm64, r-release-macos-x86_64, r-release-windows-x86_64, r-oldrel-macos-arm64, r-oldrel-macos-x86_64, r-oldrel-windows-ix86+x86_64