Last updated on 2023-03-25 04:54:49 CET.
Flavor | Version | Tinstall | Tcheck | Ttotal | Status | Flags |
---|---|---|---|---|---|---|
r-devel-linux-x86_64-debian-clang | 0.1.1 | 2.13 | 24.01 | 26.14 | NOTE | |
r-devel-linux-x86_64-debian-gcc | 0.1.1 | 1.76 | 19.32 | 21.08 | NOTE | |
r-devel-linux-x86_64-fedora-clang | 0.1.1 | 33.88 | NOTE | |||
r-devel-linux-x86_64-fedora-gcc | 0.1.1 | 31.55 | NOTE | |||
r-patched-linux-x86_64 | 0.1.1 | 2.27 | 25.14 | 27.41 | OK | |
r-release-linux-x86_64 | 0.1.1 | 1.81 | 24.91 | 26.72 | OK | |
r-release-macos-arm64 | 0.1.1 | 17.00 | NOTE | |||
r-release-macos-x86_64 | 0.1.1 | 24.00 | NOTE | |||
r-release-windows-x86_64 | 0.1.1 | 12.00 | 55.00 | 67.00 | OK | |
r-oldrel-macos-arm64 | 0.1.1 | 24.00 | NOTE | |||
r-oldrel-macos-x86_64 | 0.1.1 | 29.00 | NOTE | |||
r-oldrel-windows-ix86+x86_64 | 0.1.1 | 5.00 | 51.00 | 56.00 | OK |
Version: 0.1.1
Check: package subdirectories
Result: NOTE
Problems with news in ‘NEWS.md’:
No news entries found.
Flavors: r-devel-linux-x86_64-debian-clang, r-devel-linux-x86_64-debian-gcc, r-devel-linux-x86_64-fedora-clang, r-devel-linux-x86_64-fedora-gcc
Version: 0.1.1
Check: dependencies in R code
Result: NOTE
Namespaces in Imports field not imported from:
‘curl’ ‘jsonlite’
All declared Imports should be used.
Flavors: r-devel-linux-x86_64-fedora-clang, r-devel-linux-x86_64-fedora-gcc, r-release-macos-arm64, r-release-macos-x86_64, r-oldrel-macos-arm64, r-oldrel-macos-x86_64