Last updated on 2023-03-31 04:51:57 CEST.
Flavor | Version | Tinstall | Tcheck | Ttotal | Status | Flags |
---|---|---|---|---|---|---|
r-devel-linux-x86_64-debian-clang | 2.2.4 | 5.52 | 56.17 | 61.69 | NOTE | |
r-devel-linux-x86_64-debian-gcc | 2.2.4 | 5.04 | 42.14 | 47.18 | NOTE | |
r-devel-linux-x86_64-fedora-clang | 2.2.4 | 75.74 | NOTE | |||
r-devel-linux-x86_64-fedora-gcc | 2.2.4 | 80.97 | NOTE | |||
r-devel-windows-x86_64 | 2.2.4 | 21.00 | 0.00 | 21.00 | NOTE | |
r-patched-linux-x86_64 | 2.2.4 | 5.59 | 54.06 | 59.65 | NOTE | |
r-release-linux-x86_64 | 2.2.4 | 4.81 | 56.37 | 61.18 | NOTE | |
r-release-macos-arm64 | 2.2.4 | 44.00 | NOTE | |||
r-release-macos-x86_64 | 2.2.4 | 72.00 | NOTE | |||
r-release-windows-x86_64 | 2.2.4 | 19.00 | 103.00 | 122.00 | NOTE | |
r-oldrel-macos-arm64 | 2.2.4 | 44.00 | NOTE | |||
r-oldrel-macos-x86_64 | 2.2.4 | 1803.00 | NOTE | |||
r-oldrel-windows-ix86+x86_64 | 2.2.4 | 15.00 | 99.00 | 114.00 | NOTE |
Version: 2.2.4
Check: LazyData
Result: NOTE
'LazyData' is specified without a 'data' directory
Flavors: r-devel-linux-x86_64-debian-clang, r-devel-linux-x86_64-debian-gcc, r-devel-linux-x86_64-fedora-clang, r-devel-linux-x86_64-fedora-gcc, r-devel-windows-x86_64, r-patched-linux-x86_64, r-release-linux-x86_64, r-release-macos-arm64, r-release-macos-x86_64, r-release-windows-x86_64, r-oldrel-macos-arm64, r-oldrel-macos-x86_64, r-oldrel-windows-ix86+x86_64
Version: 2.2.4
Check: R code for possible problems
Result: NOTE
Initiating curl with CURL_SSL_BACKEND: openssl
Flavor: r-oldrel-windows-ix86+x86_64