CRAN Package Check Results for Package rLiDAR

Last updated on 2022-12-04 04:50:29 CET.

Flavor Version Tinstall Tcheck Ttotal Status Flags
r-devel-linux-x86_64-debian-clang 0.1.5 43.29 340.61 383.90 OK
r-devel-linux-x86_64-debian-gcc 0.1.5 29.22 255.75 284.97 OK
r-devel-linux-x86_64-fedora-clang 0.1.5 493.18 NOTE
r-devel-linux-x86_64-fedora-gcc 0.1.5 461.73 NOTE
r-devel-windows-x86_64 0.1.5 38.00 325.00 363.00 OK
r-patched-linux-x86_64 0.1.5 42.31 337.70 380.01 OK
r-release-linux-x86_64 0.1.5 35.17 332.15 367.32 OK
r-release-macos-arm64 0.1.5 90.00 NOTE
r-release-macos-x86_64 0.1.5 128.00 NOTE
r-release-windows-x86_64 0.1.5 46.00 340.00 386.00 OK
r-oldrel-macos-arm64 0.1.5 49.00 NOTE
r-oldrel-macos-x86_64 0.1.5 71.00 NOTE
r-oldrel-windows-ix86+x86_64 0.1.5 81.00 333.00 414.00 OK

Check Details

Version: 0.1.5
Check: dependencies in R code
Result: NOTE
    Namespace in Imports field not imported from: ‘rgeos’
     All declared Imports should be used.
Flavors: r-devel-linux-x86_64-fedora-clang, r-devel-linux-x86_64-fedora-gcc, r-release-macos-arm64, r-release-macos-x86_64, r-oldrel-macos-arm64, r-oldrel-macos-x86_64