Last updated on 2023-03-24 04:52:37 CET.
Flavor | Version | Tinstall | Tcheck | Ttotal | Status | Flags |
---|---|---|---|---|---|---|
r-devel-linux-x86_64-debian-clang | 1.1.1 | 2.40 | 30.31 | 32.71 | NOTE | |
r-devel-linux-x86_64-debian-gcc | 1.1.1 | 1.84 | 23.52 | 25.36 | NOTE | |
r-devel-linux-x86_64-fedora-clang | 1.1.1 | 41.46 | NOTE | |||
r-devel-linux-x86_64-fedora-gcc | 1.1.1 | 38.67 | NOTE | |||
r-patched-linux-x86_64 | 1.1.1 | 2.64 | 29.33 | 31.97 | NOTE | |
r-release-linux-x86_64 | 1.1.1 | 2.22 | 29.57 | 31.79 | NOTE | |
r-release-macos-arm64 | 1.1.1 | 17.00 | OK | |||
r-release-macos-x86_64 | 1.1.1 | 23.00 | OK | |||
r-release-windows-x86_64 | 1.1.1 | 22.00 | 56.00 | 78.00 | OK | |
r-oldrel-macos-arm64 | 1.1.1 | 15.00 | OK | |||
r-oldrel-macos-x86_64 | 1.1.1 | 22.00 | OK | |||
r-oldrel-windows-ix86+x86_64 | 1.1.1 | 5.00 | 51.00 | 56.00 | OK |
Version: 1.1.1
Check: for non-standard things in the check directory
Result: NOTE
Found the following files/directories:
‘outcmaesdisp.dat’
Flavors: r-devel-linux-x86_64-debian-clang, r-devel-linux-x86_64-debian-gcc, r-devel-linux-x86_64-fedora-clang, r-devel-linux-x86_64-fedora-gcc, r-patched-linux-x86_64, r-release-linux-x86_64