Last updated on 2023-03-25 04:54:48 CET.
Flavor | Version | Tinstall | Tcheck | Ttotal | Status | Flags |
---|---|---|---|---|---|---|
r-devel-linux-x86_64-debian-clang | 0.7.8 | 10.11 | 88.57 | 98.68 | OK | |
r-devel-linux-x86_64-debian-gcc | 0.7.8 | 8.06 | 66.58 | 74.64 | OK | |
r-devel-linux-x86_64-fedora-clang | 0.7.8 | 124.64 | NOTE | |||
r-devel-linux-x86_64-fedora-gcc | 0.7.8 | 126.74 | NOTE | |||
r-patched-linux-x86_64 | 0.7.8 | 10.66 | 87.48 | 98.14 | OK | |
r-release-linux-x86_64 | 0.7.8 | 7.39 | 87.80 | 95.19 | OK | |
r-release-macos-arm64 | 0.7.8 | 39.00 | OK | |||
r-release-macos-x86_64 | 0.7.8 | 57.00 | OK | |||
r-release-windows-x86_64 | 0.7.8 | 55.00 | 137.00 | 192.00 | OK | |
r-oldrel-macos-arm64 | 0.7.8 | 42.00 | OK | |||
r-oldrel-macos-x86_64 | 0.7.8 | 60.00 | OK | |||
r-oldrel-windows-ix86+x86_64 | 0.7.8 | 22.00 | 159.00 | 181.00 | OK |
Version: 0.7.8
Check: data for non-ASCII characters
Result: NOTE
Note: found 8504 marked UTF-8 strings
Flavors: r-devel-linux-x86_64-fedora-clang, r-devel-linux-x86_64-fedora-gcc