Last updated on 2023-04-02 04:51:48 CEST.
Flavor | Version | Tinstall | Tcheck | Ttotal | Status | Flags |
---|---|---|---|---|---|---|
r-devel-linux-x86_64-debian-clang | 0.25.5 | 42.53 | 517.41 | 559.94 | OK | |
r-devel-linux-x86_64-debian-gcc | 0.25.5 | 42.84 | 444.52 | 487.36 | OK | |
r-devel-linux-x86_64-fedora-clang | 0.25.5 | 670.45 | OK | |||
r-devel-linux-x86_64-fedora-gcc | 0.25.5 | 710.41 | OK | |||
r-devel-windows-x86_64 | 0.25.5 | 129.00 | 592.00 | 721.00 | OK | |
r-patched-linux-x86_64 | 0.25.5 | 43.06 | 515.19 | 558.25 | OK | |
r-release-linux-x86_64 | 0.25.5 | 44.58 | 504.55 | 549.13 | OK | |
r-release-macos-arm64 | 0.25.5 | 274.00 | NOTE | |||
r-release-macos-x86_64 | 0.25.5 | 287.00 | NOTE | |||
r-release-windows-x86_64 | 0.25.5 | 96.00 | 660.00 | 756.00 | OK | |
r-oldrel-macos-arm64 | 0.25.5 | 212.00 | NOTE | |||
r-oldrel-macos-x86_64 | 0.25.5 | 275.00 | NOTE | |||
r-oldrel-windows-ix86+x86_64 | 0.25.5 | 224.00 | 1004.00 | 1228.00 | NOTE |
Version: 0.25.5
Check: installed package size
Result: NOTE
installed size is 12.5Mb
sub-directories of 1Mb or more:
doc 1.1Mb
libs 11.1Mb
Flavors: r-release-macos-arm64, r-release-macos-x86_64, r-oldrel-macos-arm64, r-oldrel-macos-x86_64, r-oldrel-windows-ix86+x86_64