Last updated on 2023-03-23 04:53:29 CET.
Flavor | Version | Tinstall | Tcheck | Ttotal | Status | Flags |
---|---|---|---|---|---|---|
r-devel-linux-x86_64-debian-clang | 1.8 | 7.10 | 73.62 | 80.72 | OK | |
r-devel-linux-x86_64-debian-gcc | 1.8 | 6.53 | 56.47 | 63.00 | WARN | |
r-devel-linux-x86_64-fedora-clang | 1.8 | 106.25 | WARN | |||
r-devel-linux-x86_64-fedora-gcc | 1.8 | 101.18 | WARN | |||
r-patched-linux-x86_64 | 1.8 | 7.05 | 71.93 | 78.98 | WARN | |
r-release-linux-x86_64 | 1.8 | 6.43 | 73.01 | 79.44 | OK | |
r-release-macos-arm64 | 1.8 | 28.00 | OK | |||
r-release-macos-x86_64 | 1.8 | 53.00 | OK | |||
r-release-windows-x86_64 | 1.8 | 13.00 | 126.00 | 139.00 | OK | |
r-oldrel-macos-arm64 | 1.8 | 36.00 | OK | |||
r-oldrel-macos-x86_64 | 1.8 | 44.00 | OK | |||
r-oldrel-windows-ix86+x86_64 | 1.8 | 18.00 | 101.00 | 119.00 | OK |
Version: 1.8
Check: whether package can be installed
Result: WARN
Found the following significant warnings:
Warning: replacing previous import ‘psych::equamax’ by ‘GPArotation::equamax’ when loading ‘qmethod’
Warning: replacing previous import ‘psych::varimin’ by ‘GPArotation::varimin’ when loading ‘qmethod’
Flavors: r-devel-linux-x86_64-debian-gcc, r-devel-linux-x86_64-fedora-clang, r-devel-linux-x86_64-fedora-gcc, r-patched-linux-x86_64