Last updated on 2023-03-20 04:53:12 CET.
Flavor | Version | Tinstall | Tcheck | Ttotal | Status | Flags |
---|---|---|---|---|---|---|
r-devel-linux-x86_64-debian-clang | 1.9.3 | WARN | ||||
r-devel-linux-x86_64-debian-gcc | 1.9.3 | 35.20 | 133.79 | 168.99 | WARN | |
r-devel-linux-x86_64-fedora-clang | 1.9.3 | 293.61 | WARN | |||
r-devel-linux-x86_64-fedora-gcc | 1.9.3 | 292.61 | WARN | |||
r-patched-linux-x86_64 | 1.9.3 | 35.26 | 171.08 | 206.34 | OK | |
r-release-linux-x86_64 | 1.9.3 | 30.19 | 172.53 | 202.72 | OK | |
r-release-macos-arm64 | 1.9.3 | 69.00 | OK | |||
r-release-macos-x86_64 | 1.9.3 | 101.00 | OK | |||
r-release-windows-x86_64 | 1.9.3 | 58.00 | 218.00 | 276.00 | OK | |
r-oldrel-macos-arm64 | 1.9.3 | 64.00 | OK | |||
r-oldrel-macos-x86_64 | 1.9.3 | 97.00 | OK | |||
r-oldrel-windows-ix86+x86_64 | 1.9.3 | 90.00 | 254.00 | 344.00 | OK |
Version: 1.9.3
Check: C++ specification
Result: NOTE
Specified C++11: please drop specification unless essential
Flavors: r-devel-linux-x86_64-debian-clang, r-devel-linux-x86_64-debian-gcc, r-devel-linux-x86_64-fedora-clang, r-devel-linux-x86_64-fedora-gcc
Version: 1.9.3
Check: S3 generic/method consistency
Result: WARN
as.igraph:
function(x, ...)
as.igraph.qgraph:
function(object, attributes)
See section ‘Generic functions and methods’ in the ‘Writing R
Extensions’ manual.
Flavors: r-devel-linux-x86_64-debian-clang, r-devel-linux-x86_64-debian-gcc, r-devel-linux-x86_64-fedora-clang, r-devel-linux-x86_64-fedora-gcc