CRAN Package Check Results for Package pzfx

Last updated on 2023-03-27 04:53:21 CEST.

Flavor Version Tinstall Tcheck Ttotal Status Flags
r-devel-linux-x86_64-debian-clang 0.3.0 2.59 27.66 30.25 NOTE
r-devel-linux-x86_64-debian-gcc 0.3.0 1.83 22.03 23.86 NOTE
r-devel-linux-x86_64-fedora-clang 0.3.0 38.75 NOTE
r-devel-linux-x86_64-fedora-gcc 0.3.0 47.58 NOTE
r-patched-linux-x86_64 0.3.0 2.21 27.17 29.38 NOTE
r-release-linux-x86_64 0.3.0 2.21 28.71 30.92 NOTE
r-release-macos-arm64 0.3.0 17.00 NOTE
r-release-macos-x86_64 0.3.0 23.00 NOTE
r-release-windows-x86_64 0.3.0 17.00 59.00 76.00 NOTE
r-oldrel-macos-arm64 0.3.0 19.00 NOTE
r-oldrel-macos-x86_64 0.3.0 29.00 NOTE
r-oldrel-windows-ix86+x86_64 0.3.0 7.00 59.00 66.00 NOTE

Check Details

Version: 0.3.0
Check: LazyData
Result: NOTE
     'LazyData' is specified without a 'data' directory
Flavors: r-devel-linux-x86_64-debian-clang, r-devel-linux-x86_64-debian-gcc, r-devel-linux-x86_64-fedora-clang, r-devel-linux-x86_64-fedora-gcc, r-patched-linux-x86_64, r-release-linux-x86_64, r-release-macos-arm64, r-release-macos-x86_64, r-release-windows-x86_64, r-oldrel-macos-arm64, r-oldrel-macos-x86_64, r-oldrel-windows-ix86+x86_64