Last updated on 2023-03-21 04:57:59 CET.
Flavor | Version | Tinstall | Tcheck | Ttotal | Status | Flags |
---|---|---|---|---|---|---|
r-devel-linux-x86_64-debian-clang | 1.2.7 | OK | ||||
r-devel-linux-x86_64-debian-gcc | 1.2.7 | 9.13 | 372.01 | 381.14 | OK | |
r-devel-linux-x86_64-fedora-clang | 1.2.7 | 606.01 | NOTE | |||
r-devel-linux-x86_64-fedora-gcc | 1.2.7 | 591.82 | NOTE | |||
r-patched-linux-x86_64 | 1.2.7 | 19.96 | 473.09 | 493.05 | OK | |
r-release-linux-x86_64 | 1.2.7 | 13.32 | 481.80 | 495.12 | OK | |
r-release-macos-arm64 | 1.2.7 | 122.00 | NOTE | |||
r-release-macos-x86_64 | 1.2.7 | 207.00 | NOTE | |||
r-release-windows-x86_64 | 1.2.7 | 41.00 | 546.00 | 587.00 | OK | |
r-oldrel-macos-arm64 | 1.2.7 | 121.00 | NOTE | |||
r-oldrel-macos-x86_64 | 1.2.7 | 155.00 | NOTE | |||
r-oldrel-windows-ix86+x86_64 | 1.2.7 | 38.00 | 561.00 | 599.00 | NOTE |
Version: 1.2.7
Check: dependencies in R code
Result: NOTE
Namespaces in Imports field not imported from:
‘Hmisc’ ‘sjPlot’
All declared Imports should be used.
Flavors: r-devel-linux-x86_64-fedora-clang, r-devel-linux-x86_64-fedora-gcc, r-release-macos-arm64, r-release-macos-x86_64, r-oldrel-macos-arm64, r-oldrel-macos-x86_64
Version: 1.2.7
Check: dependencies in R code
Result: NOTE
Initiating curl with CURL_SSL_BACKEND: openssl
Flavor: r-oldrel-windows-ix86+x86_64