Last updated on 2023-03-31 04:51:57 CEST.
Flavor | Version | Tinstall | Tcheck | Ttotal | Status | Flags |
---|---|---|---|---|---|---|
r-devel-linux-x86_64-debian-clang | 0.2.6 | 22.62 | 211.71 | 234.33 | OK | |
r-devel-linux-x86_64-debian-gcc | 0.2.6 | 20.14 | 158.33 | 178.47 | OK | |
r-devel-linux-x86_64-fedora-clang | 0.2.6 | 288.37 | OK | |||
r-devel-linux-x86_64-fedora-gcc | 0.2.6 | 286.34 | OK | |||
r-devel-windows-x86_64 | 0.2.6 | 59.00 | 0.00 | 59.00 | OK | |
r-patched-linux-x86_64 | 0.2.6 | 24.42 | 202.57 | 226.99 | OK | |
r-release-linux-x86_64 | 0.2.6 | 19.91 | 204.08 | 223.99 | OK | |
r-release-macos-arm64 | 0.2.6 | 188.00 | OK | |||
r-release-macos-x86_64 | 0.2.6 | 7.00 | ERROR | |||
r-release-windows-x86_64 | 0.2.6 | 66.00 | 286.00 | 352.00 | OK | |
r-oldrel-macos-arm64 | 0.2.6 | 9.00 | ERROR | |||
r-oldrel-macos-x86_64 | 0.2.6 | 11.00 | ERROR | |||
r-oldrel-windows-ix86+x86_64 | 0.2.6 | 47.00 | 260.00 | 307.00 | NOTE |
Version: 0.2.6
Check: package dependencies
Result: ERROR
Package required but not available: ‘muscle’
See section ‘The DESCRIPTION file’ in the ‘Writing R Extensions’
manual.
Flavors: r-release-macos-x86_64, r-oldrel-macos-arm64, r-oldrel-macos-x86_64
Version: 0.2.6
Check: R code for possible problems
Result: NOTE
Initiating curl with CURL_SSL_BACKEND: openssl
Flavor: r-oldrel-windows-ix86+x86_64