CRAN Package Check Results for Package psica

Last updated on 2023-04-01 04:56:26 CEST.

Flavor Version Tinstall Tcheck Ttotal Status Flags
r-devel-linux-x86_64-debian-clang 1.0.2 10.20 93.04 103.24 NOTE
r-devel-linux-x86_64-debian-gcc 1.0.2 8.28 70.91 79.19 NOTE
r-devel-linux-x86_64-fedora-clang 1.0.2 129.88 NOTE
r-devel-linux-x86_64-fedora-gcc 1.0.2 126.80 NOTE
r-devel-windows-x86_64 1.0.2 17.00 0.00 17.00 NOTE
r-patched-linux-x86_64 1.0.2 7.78 89.68 97.46 NOTE
r-release-linux-x86_64 1.0.2 8.26 89.63 97.89 NOTE
r-release-macos-arm64 1.0.2 33.00 NOTE
r-release-macos-x86_64 1.0.2 65.00 NOTE
r-release-windows-x86_64 1.0.2 13.00 123.00 136.00 NOTE
r-oldrel-macos-arm64 1.0.2 39.00 NOTE
r-oldrel-macos-x86_64 1.0.2 66.00 NOTE
r-oldrel-windows-ix86+x86_64 1.0.2 22.00 112.00 134.00 NOTE

Check Details

Version: 1.0.2
Check: LazyData
Result: NOTE
     'LazyData' is specified without a 'data' directory
Flavors: r-devel-linux-x86_64-debian-clang, r-devel-linux-x86_64-debian-gcc, r-devel-linux-x86_64-fedora-clang, r-devel-linux-x86_64-fedora-gcc, r-devel-windows-x86_64, r-patched-linux-x86_64, r-release-linux-x86_64, r-release-macos-arm64, r-release-macos-x86_64, r-release-windows-x86_64, r-oldrel-macos-arm64, r-oldrel-macos-x86_64, r-oldrel-windows-ix86+x86_64