Last updated on 2023-03-25 04:54:48 CET.
Flavor | Version | Tinstall | Tcheck | Ttotal | Status | Flags |
---|---|---|---|---|---|---|
r-devel-linux-x86_64-debian-clang | 1.1.0 | 4.02 | 49.67 | 53.69 | OK | |
r-devel-linux-x86_64-debian-gcc | 1.1.0 | 3.63 | 37.85 | 41.48 | OK | |
r-devel-linux-x86_64-fedora-clang | 1.1.0 | 68.81 | OK | |||
r-devel-linux-x86_64-fedora-gcc | 1.1.0 | 65.56 | OK | |||
r-patched-linux-x86_64 | 1.1.0 | 4.27 | 47.09 | 51.36 | OK | |
r-release-linux-x86_64 | 1.1.0 | 4.66 | 47.65 | 52.31 | OK | |
r-release-macos-arm64 | 1.1.0 | 22.00 | OK | |||
r-release-macos-x86_64 | 1.1.0 | 29.00 | OK | |||
r-release-windows-x86_64 | 1.1.0 | 6.00 | 69.00 | 75.00 | OK | |
r-oldrel-macos-arm64 | 1.1.0 | 22.00 | OK | |||
r-oldrel-macos-x86_64 | 1.1.0 | 33.00 | OK | |||
r-oldrel-windows-ix86+x86_64 | 1.1.0 | 14.00 | 81.00 | 95.00 | NOTE |
Version: 1.1.0
Check: R code for possible problems
Result: NOTE
Initiating curl with CURL_SSL_BACKEND: openssl
Flavor: r-oldrel-windows-ix86+x86_64