Last updated on 2023-02-04 04:54:01 CET.
Flavor | Version | Tinstall | Tcheck | Ttotal | Status | Flags |
---|---|---|---|---|---|---|
r-devel-linux-x86_64-debian-clang | 7.2.2 | 605.71 | 477.23 | 1082.94 | NOTE | |
r-devel-linux-x86_64-debian-gcc | 7.2.2 | 471.01 | 343.91 | 814.92 | NOTE | |
r-devel-linux-x86_64-fedora-clang | 7.2.2 | 1478.36 | NOTE | |||
r-devel-linux-x86_64-fedora-gcc | 7.2.2 | 1376.77 | NOTE | |||
r-devel-windows-x86_64 | 7.2.2 | 675.00 | 563.00 | 1238.00 | NOTE | |
r-patched-linux-x86_64 | 7.2.2 | 496.82 | 431.80 | 928.62 | NOTE | |
r-release-linux-x86_64 | 7.2.2 | 499.11 | 437.09 | 936.20 | NOTE | |
r-release-macos-arm64 | 7.2.2 | 314.00 | NOTE | |||
r-release-macos-x86_64 | 7.2.2 | 381.00 | NOTE | |||
r-release-windows-x86_64 | 7.2.2 | 869.00 | 572.00 | 1441.00 | NOTE | |
r-oldrel-macos-arm64 | 7.2.2 | 285.00 | NOTE | |||
r-oldrel-macos-x86_64 | 7.2.2 | 371.00 | NOTE | |||
r-oldrel-windows-ix86+x86_64 | 7.2.2 | 1406.00 | 692.00 | 2098.00 | NOTE |
Version: 7.2.2
Check: package dependencies
Result: NOTE
Packages suggested but not available for checking:
'gurobi', 'rcbc', 'cplexAPI'
Flavors: r-devel-linux-x86_64-debian-clang, r-devel-linux-x86_64-debian-gcc, r-devel-linux-x86_64-fedora-clang, r-devel-linux-x86_64-fedora-gcc, r-devel-windows-x86_64, r-patched-linux-x86_64, r-release-linux-x86_64, r-release-macos-arm64, r-release-macos-x86_64, r-release-windows-x86_64, r-oldrel-macos-arm64, r-oldrel-macos-x86_64, r-oldrel-windows-ix86+x86_64
Version: 7.2.2
Check: C++ specification
Result: NOTE
Specified C++11: please update to current default of C++17
Flavors: r-devel-linux-x86_64-debian-clang, r-devel-linux-x86_64-debian-gcc, r-devel-linux-x86_64-fedora-clang, r-devel-linux-x86_64-fedora-gcc, r-devel-windows-x86_64
Version: 7.2.2
Check: installed package size
Result: NOTE
installed size is 8.1Mb
sub-directories of 1Mb or more:
R 1.1Mb
doc 4.6Mb
Flavors: r-devel-linux-x86_64-fedora-clang, r-devel-windows-x86_64, r-release-macos-arm64, r-release-macos-x86_64, r-release-windows-x86_64, r-oldrel-macos-arm64, r-oldrel-macos-x86_64, r-oldrel-windows-ix86+x86_64