Last updated on 2021-04-17 04:51:18 CEST.
Flavor | Version | Tinstall | Tcheck | Ttotal | Status | Flags |
---|---|---|---|---|---|---|
r-devel-linux-x86_64-debian-clang | 1.0.20 | 3.93 | 55.07 | 59.00 | OK | |
r-devel-linux-x86_64-debian-gcc | 1.0.20 | 2.71 | 43.19 | 45.90 | OK | |
r-devel-linux-x86_64-fedora-clang | 1.0.20 | 82.73 | OK | |||
r-devel-linux-x86_64-fedora-gcc | 1.0.20 | 74.89 | OK | |||
r-devel-windows-ix86+x86_64 | 1.0.20 | 9.00 | 58.00 | 67.00 | OK | |
r-devel-windows-x86_64-gcc10-UCRT | 1.0.20 | OK | ||||
r-patched-linux-x86_64 | 1.0.20 | 3.92 | 53.21 | 57.13 | OK | |
r-patched-solaris-x86 | 1.0.20 | 107.40 | OK | |||
r-release-linux-x86_64 | 1.0.20 | 3.80 | 53.41 | 57.21 | OK | |
r-release-macos-x86_64 | 1.0.20 | OK | ||||
r-release-windows-ix86+x86_64 | 1.0.20 | 6.00 | 70.00 | 76.00 | OK | |
r-oldrel-macos-x86_64 | 1.0.20 | WARN | ||||
r-oldrel-windows-ix86+x86_64 | 1.0.20 | 5.00 | 65.00 | 70.00 | OK |
Version: 1.0.20
Check: dependencies in R code
Result: NOTE
No protocol specified
No protocol specified
Flavor: r-oldrel-macos-x86_64
Version: 1.0.20
Check: S3 generic/method consistency
Result: WARN
No protocol specified
No protocol specified
See section ‘Generic functions and methods’ in the ‘Writing R
Extensions’ manual.
Flavor: r-oldrel-macos-x86_64
Version: 1.0.20
Check: replacement functions
Result: WARN
No protocol specified
No protocol specified
The argument of a replacement function which corresponds to the right
hand side must be named ‘value’.
Flavor: r-oldrel-macos-x86_64
Version: 1.0.20
Check: foreign function calls
Result: NOTE
No protocol specified
No protocol specified
See chapter ‘System and foreign language interfaces’ in the ‘Writing R
Extensions’ manual.
Flavor: r-oldrel-macos-x86_64
Version: 1.0.20
Check: R code for possible problems
Result: NOTE
No protocol specified
No protocol specified
Flavor: r-oldrel-macos-x86_64
Version: 1.0.20
Check: for missing documentation entries
Result: WARN
No protocol specified
No protocol specified
All user-level objects in a package should have documentation entries.
See chapter ‘Writing R documentation files’ in the ‘Writing R
Extensions’ manual.
Flavor: r-oldrel-macos-x86_64
Version: 1.0.20
Check: for code/documentation mismatches
Result: WARN
No protocol specified
No protocol specified
No protocol specified
No protocol specified
No protocol specified
No protocol specified
Flavor: r-oldrel-macos-x86_64
Version: 1.0.20
Check: Rd \usage sections
Result: NOTE
No protocol specified
No protocol specified
The \usage entries for S3 methods should use the \method markup and not
their full name.
See chapter ‘Writing R documentation files’ in the ‘Writing R
Extensions’ manual.
Flavor: r-oldrel-macos-x86_64