CRAN Package Check Results for Package prediction

Last updated on 2023-03-21 04:57:59 CET.

Flavor Version Tinstall Tcheck Ttotal Status Flags
r-devel-linux-x86_64-debian-clang 0.3.14 NOTE
r-devel-linux-x86_64-debian-gcc 0.3.14 4.09 42.04 46.13 NOTE
r-devel-linux-x86_64-fedora-clang 0.3.14 79.27 NOTE
r-devel-linux-x86_64-fedora-gcc 0.3.14 100.56 NOTE
r-patched-linux-x86_64 0.3.14 5.64 53.40 59.04 NOTE
r-release-linux-x86_64 0.3.14 4.73 54.70 59.43 NOTE
r-release-macos-arm64 0.3.14 29.00 OK
r-release-macos-x86_64 0.3.14 50.00 NOTE
r-release-windows-x86_64 0.3.14 46.00 82.00 128.00 OK
r-oldrel-macos-arm64 0.3.14 36.00 OK
r-oldrel-macos-x86_64 0.3.14 68.00 OK
r-oldrel-windows-ix86+x86_64 0.3.14 11.00 75.00 86.00 OK

Check Details

Version: 0.3.14
Check: package dependencies
Result: NOTE
    Package which this enhances but not available for checking: ‘ffbase’
Flavors: r-devel-linux-x86_64-debian-clang, r-devel-linux-x86_64-debian-gcc, r-devel-linux-x86_64-fedora-clang, r-devel-linux-x86_64-fedora-gcc, r-patched-linux-x86_64, r-release-linux-x86_64, r-release-macos-x86_64

Version: 0.3.14
Check: Rd cross-references
Result: NOTE
    Unknown package ‘ffbase’ in Rd xrefs
Flavors: r-devel-linux-x86_64-debian-clang, r-devel-linux-x86_64-debian-gcc, r-devel-linux-x86_64-fedora-clang, r-devel-linux-x86_64-fedora-gcc, r-patched-linux-x86_64, r-release-linux-x86_64, r-release-macos-x86_64