Last updated on 2023-03-30 04:55:19 CEST.
Flavor | Version | Tinstall | Tcheck | Ttotal | Status | Flags |
---|---|---|---|---|---|---|
r-devel-linux-x86_64-debian-clang | 0.3.2 | 4.20 | 230.33 | 234.53 | OK | |
r-devel-linux-x86_64-debian-gcc | 0.3.2 | 3.66 | 178.25 | 181.91 | OK | |
r-devel-linux-x86_64-fedora-clang | 0.3.2 | 290.31 | OK | |||
r-devel-linux-x86_64-fedora-gcc | 0.3.2 | 302.33 | OK | |||
r-devel-windows-x86_64 | 0.3.2 | 801.00 | 0.00 | 801.00 | OK | |
r-patched-linux-x86_64 | 0.3.2 | 3.84 | 220.45 | 224.29 | OK | |
r-release-linux-x86_64 | 0.3.2 | 4.31 | 219.46 | 223.77 | OK | |
r-release-macos-arm64 | 0.3.2 | 113.00 | NOTE | |||
r-release-macos-x86_64 | 0.3.2 | 145.00 | NOTE | |||
r-release-windows-x86_64 | 0.3.2 | 1023.00 | 1429.00 | 2452.00 | OK | |
r-oldrel-macos-arm64 | 0.3.2 | 103.00 | NOTE | |||
r-oldrel-macos-x86_64 | 0.3.2 | 141.00 | NOTE | |||
r-oldrel-windows-ix86+x86_64 | 0.3.2 | 35.00 | 443.00 | 478.00 | OK |
Version: 0.3.2
Check: dependencies in R code
Result: NOTE
Namespace in Imports field not imported from: ‘here’
All declared Imports should be used.
Flavors: r-release-macos-arm64, r-release-macos-x86_64, r-oldrel-macos-arm64, r-oldrel-macos-x86_64