CRAN Package Check Results for Package postGIStools

Last updated on 2022-12-04 04:50:26 CET.

Flavor Version Tinstall Tcheck Ttotal Status Flags
r-devel-linux-x86_64-debian-clang 0.2.4 3.45 36.18 39.63 NOTE
r-devel-linux-x86_64-debian-gcc 0.2.4 2.84 28.90 31.74 NOTE
r-devel-linux-x86_64-fedora-clang 0.2.4 60.94 NOTE
r-devel-linux-x86_64-fedora-gcc 0.2.4 57.39 NOTE
r-devel-windows-x86_64 0.2.4 20.00 64.00 84.00 NOTE
r-patched-linux-x86_64 0.2.4 2.75 34.98 37.73 NOTE
r-release-linux-x86_64 0.2.4 3.30 34.27 37.57 NOTE
r-release-macos-arm64 0.2.4 19.00 NOTE
r-release-macos-x86_64 0.2.4 27.00 NOTE
r-release-windows-x86_64 0.2.4 32.00 69.00 101.00 NOTE
r-oldrel-macos-arm64 0.2.4 23.00 NOTE
r-oldrel-macos-x86_64 0.2.4 30.00 NOTE
r-oldrel-windows-ix86+x86_64 0.2.4 8.00 61.00 69.00 NOTE

Check Details

Version: 0.2.4
Check: LazyData
Result: NOTE
     'LazyData' is specified without a 'data' directory
Flavors: r-devel-linux-x86_64-debian-clang, r-devel-linux-x86_64-debian-gcc, r-devel-linux-x86_64-fedora-clang, r-devel-linux-x86_64-fedora-gcc, r-devel-windows-x86_64, r-patched-linux-x86_64, r-release-linux-x86_64, r-release-macos-arm64, r-release-macos-x86_64, r-release-windows-x86_64, r-oldrel-macos-arm64, r-oldrel-macos-x86_64, r-oldrel-windows-ix86+x86_64