Last updated on 2023-03-31 04:51:56 CEST.
Flavor | Version | Tinstall | Tcheck | Ttotal | Status | Flags |
---|---|---|---|---|---|---|
r-devel-linux-x86_64-debian-clang | 2.4.0.2 | 26.85 | 209.95 | 236.80 | OK | |
r-devel-linux-x86_64-debian-gcc | 2.4.0.2 | 23.14 | 154.85 | 177.99 | OK | |
r-devel-linux-x86_64-fedora-clang | 2.4.0.2 | 290.80 | NOTE | |||
r-devel-linux-x86_64-fedora-gcc | 2.4.0.2 | 306.65 | NOTE | |||
r-devel-windows-x86_64 | 2.4.0.2 | 65.00 | 0.00 | 65.00 | OK | |
r-patched-linux-x86_64 | 2.4.0.2 | 25.45 | 197.60 | 223.05 | OK | |
r-release-linux-x86_64 | 2.4.0.2 | 24.69 | 197.87 | 222.56 | OK | |
r-release-macos-arm64 | 2.4.0.2 | 75.00 | NOTE | |||
r-release-macos-x86_64 | 2.4.0.2 | 144.00 | NOTE | |||
r-release-windows-x86_64 | 2.4.0.2 | 69.00 | 218.00 | 287.00 | OK | |
r-oldrel-macos-arm64 | 2.4.0.2 | 73.00 | NOTE | |||
r-oldrel-macos-x86_64 | 2.4.0.2 | 111.00 | NOTE | |||
r-oldrel-windows-ix86+x86_64 | 2.4.0.2 | 60.00 | 208.00 | 268.00 | OK |
Version: 2.4.0.2
Check: dependencies in R code
Result: NOTE
Namespaces in Imports field not imported from:
‘ActCR’ ‘ActFrag’ ‘tidyr’
All declared Imports should be used.
Flavors: r-devel-linux-x86_64-fedora-clang, r-devel-linux-x86_64-fedora-gcc, r-release-macos-arm64, r-release-macos-x86_64, r-oldrel-macos-arm64, r-oldrel-macos-x86_64