Last updated on 2023-03-27 04:53:20 CEST.
Flavor | Version | Tinstall | Tcheck | Ttotal | Status | Flags |
---|---|---|---|---|---|---|
r-devel-linux-x86_64-debian-clang | 1.3-1 | 11.28 | 132.66 | 143.94 | OK | |
r-devel-linux-x86_64-debian-gcc | 1.3-1 | 11.73 | 98.98 | 110.71 | OK | |
r-devel-linux-x86_64-fedora-clang | 1.3-1 | 181.74 | NOTE | |||
r-devel-linux-x86_64-fedora-gcc | 1.3-1 | 183.65 | OK | |||
r-patched-linux-x86_64 | 1.3-1 | 17.01 | 124.12 | 141.13 | OK | |
r-release-linux-x86_64 | 1.3-1 | 12.54 | 117.79 | 130.33 | OK | |
r-release-macos-arm64 | 1.3-1 | 52.00 | NOTE | |||
r-release-macos-x86_64 | 1.3-1 | 92.00 | NOTE | |||
r-release-windows-x86_64 | 1.3-1 | 58.00 | 163.00 | 221.00 | NOTE | |
r-oldrel-macos-arm64 | 1.3-1 | 72.00 | NOTE | |||
r-oldrel-macos-x86_64 | 1.3-1 | 72.00 | NOTE | |||
r-oldrel-windows-ix86+x86_64 | 1.3-1 | 27.00 | 154.00 | 181.00 | NOTE |
Version: 1.3-1
Check: installed package size
Result: NOTE
installed size is 5.4Mb
sub-directories of 1Mb or more:
doc 4.9Mb
Flavors: r-devel-linux-x86_64-fedora-clang, r-release-macos-arm64, r-release-macos-x86_64, r-release-windows-x86_64, r-oldrel-macos-arm64, r-oldrel-macos-x86_64, r-oldrel-windows-ix86+x86_64