Last updated on 2023-02-03 04:50:37 CET.
Flavor | Version | Tinstall | Tcheck | Ttotal | Status | Flags |
---|---|---|---|---|---|---|
r-devel-linux-x86_64-debian-clang | 2.7 | 3.51 | 57.46 | 60.97 | NOTE | |
r-devel-linux-x86_64-debian-gcc | 2.7 | 3.96 | 43.00 | 46.96 | NOTE | |
r-devel-linux-x86_64-fedora-clang | 2.7 | 75.30 | NOTE | |||
r-devel-linux-x86_64-fedora-gcc | 2.7 | 73.37 | NOTE | |||
r-devel-windows-x86_64 | 2.7 | 40.00 | 102.00 | 142.00 | NOTE | |
r-patched-linux-x86_64 | 2.7 | 4.52 | 53.25 | 57.77 | OK | |
r-release-linux-x86_64 | 2.7 | 4.41 | 52.27 | 56.68 | OK | |
r-release-macos-arm64 | 2.7 | 22.00 | OK | |||
r-release-macos-x86_64 | 2.7 | 34.00 | OK | |||
r-release-windows-x86_64 | 2.7 | 16.00 | 84.00 | 100.00 | OK | |
r-oldrel-macos-arm64 | 2.7 | 29.00 | OK | |||
r-oldrel-macos-x86_64 | 2.7 | 48.00 | OK | |||
r-oldrel-windows-ix86+x86_64 | 2.7 | 9.00 | 54.00 | 63.00 | OK |
Version: 2.7
Check: Rd files
Result: NOTE
checkRd: (-1) Kendall.Rd:73: Escaped LaTeX specials: \&
checkRd: (-1) countCDFxt.Rd:63: Escaped LaTeX specials: \&
Flavors: r-devel-linux-x86_64-debian-clang, r-devel-linux-x86_64-debian-gcc, r-devel-linux-x86_64-fedora-clang, r-devel-linux-x86_64-fedora-gcc, r-devel-windows-x86_64