Last updated on 2023-03-22 04:52:53 CET.
Flavor | Version | Tinstall | Tcheck | Ttotal | Status | Flags |
---|---|---|---|---|---|---|
r-devel-linux-x86_64-debian-clang | 0.11.3 | 31.50 | 221.04 | 252.54 | OK | |
r-devel-linux-x86_64-debian-gcc | 0.11.3 | 19.35 | 167.68 | 187.03 | OK | |
r-devel-linux-x86_64-fedora-clang | 0.11.3 | 318.05 | NOTE | |||
r-devel-linux-x86_64-fedora-gcc | 0.11.3 | 284.89 | NOTE | |||
r-patched-linux-x86_64 | 0.11.3 | 31.25 | 176.90 | 208.15 | OK | |
r-release-linux-x86_64 | 0.11.3 | 20.43 | 180.65 | 201.08 | OK | |
r-release-macos-arm64 | 0.11.3 | 56.00 | OK | |||
r-release-macos-x86_64 | 0.11.3 | 86.00 | OK | |||
r-release-windows-x86_64 | 0.11.3 | 275.00 | 209.00 | 484.00 | OK | |
r-oldrel-macos-arm64 | 0.11.3 | 61.00 | OK | |||
r-oldrel-macos-x86_64 | 0.11.3 | 90.00 | OK | |||
r-oldrel-windows-ix86+x86_64 | 0.11.3 | 47.00 | 18.00 | 65.00 | ERROR |
Version: 0.11.3
Check: data for non-ASCII characters
Result: NOTE
Note: found 1 marked UTF-8 string
Flavors: r-devel-linux-x86_64-fedora-clang, r-devel-linux-x86_64-fedora-gcc
Version: 0.11.3
Check: package dependencies
Result: ERROR
Package required and available but unsuitable version: 'fs'
See section 'The DESCRIPTION file' in the 'Writing R Extensions'
manual.
Flavor: r-oldrel-windows-ix86+x86_64