CRAN Package Check Results for Package pkgnews

Last updated on 2023-03-27 04:53:20 CEST.

Flavor Version Tinstall Tcheck Ttotal Status Flags
r-devel-linux-x86_64-debian-clang 0.0.2 1.97 21.06 23.03 NOTE
r-devel-linux-x86_64-debian-gcc 0.0.2 1.61 16.84 18.45 NOTE
r-devel-linux-x86_64-fedora-clang 0.0.2 29.18 NOTE
r-devel-linux-x86_64-fedora-gcc 0.0.2 27.71 NOTE
r-patched-linux-x86_64 0.0.2 1.93 20.81 22.74 NOTE
r-release-linux-x86_64 0.0.2 2.00 22.35 24.35 NOTE
r-release-macos-arm64 0.0.2 29.00 NOTE
r-release-macos-x86_64 0.0.2 21.00 NOTE
r-release-windows-x86_64 0.0.2 7.00 50.00 57.00 NOTE
r-oldrel-macos-arm64 0.0.2 25.00 NOTE
r-oldrel-macos-x86_64 0.0.2 33.00 NOTE
r-oldrel-windows-ix86+x86_64 0.0.2 5.00 46.00 51.00 NOTE

Check Details

Version: 0.0.2
Check: LazyData
Result: NOTE
     'LazyData' is specified without a 'data' directory
Flavors: r-devel-linux-x86_64-debian-clang, r-devel-linux-x86_64-debian-gcc, r-devel-linux-x86_64-fedora-clang, r-devel-linux-x86_64-fedora-gcc, r-patched-linux-x86_64, r-release-linux-x86_64, r-release-macos-arm64, r-release-macos-x86_64, r-release-windows-x86_64, r-oldrel-macos-arm64, r-oldrel-macos-x86_64, r-oldrel-windows-ix86+x86_64