Last updated on 2023-04-01 04:56:25 CEST.
Flavor | Version | Tinstall | Tcheck | Ttotal | Status | Flags |
---|---|---|---|---|---|---|
r-devel-linux-x86_64-debian-clang | 2.0.7 | 10.74 | 158.37 | 169.11 | OK | |
r-devel-linux-x86_64-debian-gcc | 2.0.7 | 8.79 | 122.15 | 130.94 | OK | |
r-devel-linux-x86_64-fedora-clang | 2.0.7 | 209.19 | NOTE | |||
r-devel-linux-x86_64-fedora-gcc | 2.0.7 | 208.61 | OK | |||
r-devel-windows-x86_64 | 2.0.7 | 204.00 | 0.00 | 204.00 | OK | |
r-patched-linux-x86_64 | 2.0.7 | 10.33 | 152.71 | 163.04 | OK | |
r-release-linux-x86_64 | 2.0.7 | 7.81 | 154.09 | 161.90 | OK | |
r-release-macos-arm64 | 2.0.7 | 120.00 | OK | |||
r-release-macos-x86_64 | 2.0.7 | 122.00 | OK | |||
r-release-windows-x86_64 | 2.0.7 | 108.00 | 336.00 | 444.00 | OK | |
r-oldrel-macos-arm64 | 2.0.7 | 119.00 | OK | |||
r-oldrel-macos-x86_64 | 2.0.7 | 123.00 | OK | |||
r-oldrel-windows-ix86+x86_64 | 2.0.7 | 19.00 | 222.00 | 241.00 | OK |
Version: 2.0.7
Check: Rd cross-references
Result: NOTE
Undeclared package ‘usethis’ in Rd xrefs
Flavor: r-devel-linux-x86_64-fedora-clang