Last updated on 2023-03-27 04:53:20 CEST.
Flavor | Version | Tinstall | Tcheck | Ttotal | Status | Flags |
---|---|---|---|---|---|---|
r-devel-linux-x86_64-debian-clang | 0.4.0 | 17.69 | 80.95 | 98.64 | OK | |
r-devel-linux-x86_64-debian-gcc | 0.4.0 | 18.32 | 60.36 | 78.68 | OK | |
r-devel-linux-x86_64-fedora-clang | 0.4.0 | 132.70 | OK | |||
r-devel-linux-x86_64-fedora-gcc | 0.4.0 | 123.84 | OK | |||
r-patched-linux-x86_64 | 0.4.0 | 19.82 | 76.68 | 96.50 | OK | |
r-release-linux-x86_64 | 0.4.0 | 19.64 | 74.85 | 94.49 | OK | |
r-release-macos-arm64 | 0.4.0 | 36.00 | OK | |||
r-release-macos-x86_64 | 0.4.0 | 46.00 | OK | |||
r-release-windows-x86_64 | 0.4.0 | 228.00 | 114.00 | 342.00 | OK | |
r-oldrel-macos-arm64 | 0.4.0 | 36.00 | OK | |||
r-oldrel-macos-x86_64 | 0.4.0 | 48.00 | OK | |||
r-oldrel-windows-ix86+x86_64 | 0.4.0 | 33.00 | 110.00 | 143.00 | WARN |
Version: 0.4.0
Check: dependencies in R code
Result: NOTE
Initiating curl with CURL_SSL_BACKEND: openssl
Flavor: r-oldrel-windows-ix86+x86_64
Version: 0.4.0
Check: for unstated dependencies in ‘tests’
Result: WARN
Warning: unable to access index for repository https://bioconductor.org/packages/3.14/bioc/src/contrib:
cannot open URL 'https://bioconductor.org/packages/3.14/bioc/src/contrib/PACKAGES'
Warning: unable to access index for repository https://bioconductor.org/packages/3.14/data/annotation/src/contrib:
cannot open URL 'https://bioconductor.org/packages/3.14/data/annotation/src/contrib/PACKAGES'
Warning: unable to access index for repository https://bioconductor.org/packages/3.14/data/experiment/src/contrib:
cannot open URL 'https://bioconductor.org/packages/3.14/data/experiment/src/contrib/PACKAGES'
Flavor: r-oldrel-windows-ix86+x86_64