Last updated on 2023-03-30 04:55:18 CEST.
Flavor | Version | Tinstall | Tcheck | Ttotal | Status | Flags |
---|---|---|---|---|---|---|
r-devel-linux-x86_64-debian-clang | 1.2.1 | 19.92 | 54.83 | 74.75 | OK | |
r-devel-linux-x86_64-debian-gcc | 1.2.1 | 15.76 | 41.30 | 57.06 | OK | |
r-devel-linux-x86_64-fedora-clang | 1.2.1 | 100.96 | WARN | |||
r-devel-linux-x86_64-fedora-gcc | 1.2.1 | 103.20 | OK | |||
r-devel-windows-x86_64 | 1.2.1 | 79.00 | 0.00 | 79.00 | OK | |
r-patched-linux-x86_64 | 1.2.1 | 16.64 | 52.05 | 68.69 | OK | |
r-release-linux-x86_64 | 1.2.1 | 16.94 | 51.52 | 68.46 | OK | |
r-release-macos-arm64 | 1.2.1 | 29.00 | OK | |||
r-release-macos-x86_64 | 1.2.1 | 43.00 | OK | |||
r-release-windows-x86_64 | 1.2.1 | 64.00 | 113.00 | 177.00 | OK | |
r-oldrel-macos-arm64 | 1.2.1 | 40.00 | OK | |||
r-oldrel-macos-x86_64 | 1.2.1 | 59.00 | OK | |||
r-oldrel-windows-ix86+x86_64 | 1.2.1 | 50.00 | 127.00 | 177.00 | OK |
Version: 1.2.1
Check: whether package can be installed
Result: WARN
Found the following significant warnings:
/data/gannet/ripley/R/test-clang/Rcpp/include/Rcpp/sugar/functions/sapply.h:36:26: warning: 'result_of<float (*(double))(float)>' is deprecated [-Wdeprecated-declarations]
See ‘/data/gannet/ripley/R/packages/tests-clang/physiology.Rcheck/00install.out’ for details.
* used C compiler: ‘clang version 16.0.0’
* used C++ compiler: ‘clang version 16.0.0’
Flavor: r-devel-linux-x86_64-fedora-clang